(t) = -28*t**2 - 8*t - 7. What is h(-1)?
-27
Let d(a) = -2*a + 8. Calculate d(6).
-4
Let x(w) = -w**2 + 9*w + 6. What is x(9)?
6
Let c(u) = u**3 - 12*u**2 + 10*u + 2. Give c(11).
-9
Let v(z) = -z**3 - 7*z**2 - 7*z - 3. What is v(-6)?
3
Let n(l) = l**2 - 6*l - 7. What is n(7)?
0
Let v(j) = -3*j + 41. What is v(16)?
-7
Let w(l) = -13*l - 1. Determine w(1).
-14
Let p(y) = y**2 + 7*y - 19. What is p(-9)?
-1
Let o(z) = -33*z**2 + z. Determine o(-1).
-34
Let c(m) = -m**2 - 11*m + 15. Give c(-12).
3
Let m(z) = -41*z. Calculate m(1).
-41
Let d(c) = -7*c - 14. Calculate d(-15).
91
Let j(o) = o**2 + 4*o - 4. What is j(-4)?
-4
Let u(f) = f**2 + 20*f - 33. Determine u(-21).
-12
Let g(i) = i**3 - 6*i**2 - 9*i + 12. Give g(7).
-2
Let n(o) = -o**2 - 14. What is n(0)?
-14
Let g(r) = 2*r**3 + 2*r**2 - r + 4. Determine g(2).
26
Let a(h) = 3*h**3 + 17*h**2 - 10*h - 31. Calculate a(-6).
-7
Let f(n) = -4*n**2 - 29*n - 27. Calculate f(-6).
3
Let z(i) = -i - 14. What is z(3)?
-17
Let v(t) = 110*t - 3. Determine v(1).
107
Let z(p) = -p**2 - 26*p - 54. What is z(-23)?
15
Let p(x) = 4*x**2 - 21*x + 10. What is p(5)?
5
Let y(w) = -4*w**2 - 29*w + 4. Calculate y(-7).
11
Let w(i) = i**2 + 9*i + 5. Calculate w(-6).
-13
Let t(b) = -22*b - 21. What is t(3)?
-87
Let w(r) = r - 16. Determine w(20).
4
Let n(x) = x - 11. Determine n(5).
-6
Let d(w) = 2*w - 29. Determine d(0).
-29
Let d(b) = 21*b - 11. Give d(-2).
-53
Let x(g) = -3*g + 6. Give x(4).
-6
Let d(m) = -m**3 - 12*m**2 + 5*m + 64. Give d(-12).
4
Let m(k) = k**3 - 15*k**2 + 15*k + 22. Calculate m(14).
36
Let o(h) = -h**3 - 17*h**2 + h + 36. What is o(-17)?
19
Let g(p) = p**3 + 7*p**2 + 4*p - 4. What is g(-6)?
8
Let y(q) = -2*q + 9. Give y(-6).
21
Let g(m) = -24*m**2 - 1. Give g(-1).
-25
Let x(q) = 7*q + 55. What is x(-8)?
-1
Let x(s) = 9*s - 109. What is x(12)?
-1
Let b(v) = 4*v + 10. Give b(3).
22
Let n(z) = -3*z**2 + 4*z - 7. Calculate n(4).
-39
Let q(t) = -t + 10. What is q(-18)?
28
Let j(h) = -20*h**2 + 78*h + 3. Determine j(4).
-5
Let c(l) = -l**2 - 15*l - 6. Calculate c(-16).
-22
Let r(g) = -3*g**2 - 36*g - 30. Determine r(-11).
3
Let c(i) = 4*i**3 - 2*i**2 - 3*i + 2. Give c(2).
20
Let i(x) = 4*x + 1. Give i(6).
25
Let l(u) = -4*u - 15. Calculate l(-14).
41
Let m(k) = -9*k - 23. Calculate m(-3).
4
Let o(w) = -w**2 - 10*w - 21. Give o(-7).
0
Let n(r) = -7*r**2 + 14*r - 2. Determine n(2).
-2
Let b(y) = y**3 + 3*y**2 - 7*y - 11. Determine b(-5).
-26
Let n(p) = 2*p**2 + 19*p + 39. Give n(-7).
4
Let a(n) = -n**3 + n**2 - 2*n - 1. Determine a(2).
-9
Let g(o) = o**2 - 14*o + 28. What is g(15)?
43
Let s(j) = -j**2 + 11*j + 141. Give s(18).
15
Let w(v) = -14*v - 92. Determine w(-7).
6
Let y(j) = -2*j**2 - 30*j - 63. Determine y(-13).
-11
Let c(u) = u**2 + 11*u - 16. Give c(-12).
-4
Let d(i) = -i + 23. Give d(11).
12
Let n(b) = -2*b + 3. What is n(-10)?
23
Let o(a) = -a**3 + 12*a**2 - a - 1. What is o(12)?
-13
Let i(s) = -s**3 + 12*s**2 - 12*s + 10. What is i(11)?
-1
Let x(i) = 9*i + 10. What is x(0)?
10
Let w(s) = s**3 - 29*s**2 + 56*s - 41. What is w(27)?
13
Let o(j) = -j**3 - 20*j**2 + 21*j - 8. Calculate o(-21).
-8
Let g(r) = r**2 + 8*r + 11. Calculate g(-9).
20
Let g(s) = 8*s - 24. What is g(6)?
24
Let x(s) = -3*s**2 - 8*s + 8. Give x(-5).
-27
Let f(d) = 26*d - 2. What is f(2)?
50
Let z(u) = -u**2 - 3*u - 6. What is z(-6)?
-24
Let i(d) = -7*d - 21. What is i(-4)?
7
Let b(t) = 6*t**3 - 6*t**2 - 7*t - 3. Determine b(-1).
-8
Let t(m) = 2*m + 5. Calculate t(-12).
-19
Let u(o) = 15*o**2 + 11*o - 22. What is u(3)?
146
Let l(z) = -z**3 + 10*z**2 + 11*z - 9. Calculate l(11).
-9
Let f(g) = -g**2 + 8*g + 10. Determine f(9).
1
Let f(r) = -3*r. Calculate f(2).
-6
Let g(s) = 5*s**3 - 3*s**2 + 5*s - 8. Determine g(2).
30
Let h(t) = -t**3 - 14*t**2 - 15*t - 15. Determine h(-13).
11
Let u(p) = p**2 + 10*p + 16. Calculate u(-12).
40
Let w(x) = x - 22. What is w(22)?
0
Let x(g) = 32*g + 14. Give x(-1).
-18
Let i(n) = n**2 + 2*n + 1. Give i(-4).
9
Let l(s) = -2*s**2 - 3*s. Determine l(-3).
-9
Let y(b) = -17*b + 23. What is y(2)?
-11
Let r(s) = -2*s - 8. Determine r(-2).
-4
Let p(q) = 20*q**2 - 5. Calculate p(-3).
175
Let t(d) = -d**3 - 47*d**2 - 132*d - 7. Calculate t(-44).
-7
Let f(h) = -h**2 + 3*h - 5. Calculate f(2).
-3
Let f(r) = -r**2 - 2*r - 2. Give f(0).
-2
Let l(h) = -7*h + 27. Give l(6).
-15
Let i(k) = k**3 + 8*k**2 + 3*k + 12. Give i(-8).
-12
Let d(n) = -n - 1. Calculate d(-12).
11
Let y(n) = 8*n**2 + 1. Determine y(-1).
9
Let r(p) = -p**2 - 47*p - 546. Determine r(-24).
6
Let u(c) = c**3 + 5*c**2 - 2*c + 14. What is u(-6)?
-10
Let g(u) = 5*u**3 - 11*u**2 + 6*u - 2. Calculate g(2).
6
Let t(q) = -q**3 + 28*q**2 + 26*q + 70. Determine t(29).
-17
Let s(c) = -c**3 + 16*c**2 + 60*c + 2. Determine s(-3).
-7
Let l(j) = 2*j**2 + 3*j - 12. Determine l(-9).
123
Let s(p) = 2*p**2 + 4*p - 7. Determine s(-5).
23
Let p(y) = y**2 - 7*y - 12. Calculate p(7).
-12
Let d(q) = -39*q - 200. What is d(-5)?
-5
Let w(c) = -3*c**3 + c**2 - 4*c - 3. Calculate w(-2).
33
Let i(l) = -l + 3. Give i(-5).
8
Let y(r) = -6*r - 42. What is y(-8)?
6
Let r(n) = 2*n - 22. Calculate r(0).
-22
Let p(u) = 11*u - 268. Determine p(26).
18
Let m(f) = -11*f + 3. Calculate m(5).
-52
Let a(r) = -r**2 + 4*r + 290. Give a(-15).
5
Let h(v) = v**3 - 7*v**2 + 16*v - 9. Calculate h(4).
7
Let m(t) = -t**3 - 13*t**2 - 26*t - 45. Calculate m(-11).
-1
Let l(n) = n**2 - 7*n - 73. What is l(13)?
5
Let c(w) = 12*w - 42. Calculate c(5).
18
Let r(v) = v**2 - 30*v + 50. Calculate r(29).
21
Let j(c) = -c**3 + 7*c**2 + 4. Calculate j(7).
4
Let w(n) = -23*n + 3. Give w(2).
-43
Let j(h) = h**2 + 6*h + 3. Determine j(-7).
10
Let o(g) = 4*g + 19. Calculate o(-6).
-5
Let z(a) = a + 62. What is z(0)?
62
Let j(l) = -38*l**3 + 2*l**2 - 3*l + 1. What is j(1)?
-38
Let l(h) = h**2 + 6*h + 5. Give l(-8).
21
Let v(c) = c**3 - c**2 - c - 9. Determine v(0).
-9
Let f(j) = -j**2 + 8*j + 55. Determine f(16).
-73
Let d(l) = -2*l + 33. What is d(9)?
15
Let t(r) = r**3 + 3*r**2 + 3*r + 2. Calculate t(-3).
-7
Let b(y) = -y**2 - 11*y - 19. Calculate b(-9).
-1
Let o(l) = -17*l**3 + l**2 - 1. Determine o(1).
-17
Let y(n) = -4*n + 18. Determine y(2).
10
Let m(z) = -z**2 + 16*z + 4. What is m(17)?
-13
Let s(t) = 4*t - 20. Give s(-4).
-36
Let f(s) = -2*s - 11. What is f(-9)?
7
Let s(g) = -g - 8. Determine s(7).
-15
Let p(q) = q**3 + 12*q**2 + 21*q - 61. Give p(-9).
-7
Let m(q) = -23*q - 14. Give m(-1).
9
Let l(k) = k - 3. What is l(8)?
5
Let s(g) = g**3 + 10*g**2 + 12*g - 1. Give s(-9).
-28
Let i(p) = p**2 - 5. What is i(5)?
20
Let j(m) = -m**3 - 5*m**2 + 9*m + 8. Give j(-6).
-10
Let p(s) = -3*s + 86. Give p(31).
-7
Let b(c) = -c**3 - 2*c**2 + 2*c - 19. Determine b(-4).
5
Let f(d) = -268*d + 542. What is f(2)?
6
Let x(m) = -m**3 - 12*m**2 + m - 13. Give x(-12).
-25
Let m(k) = k**2 - k - 19. Calculate m(7).
23
Let h(m) = m**3 - 7*m**2 - 5*m + 13. Give h(6).
-53
Let j(b) = -11*b - 201. Calculate j(-19).
8
Let v(a) = -a**2 + 18*a - 80. Calculate v(11).
-3
Let w(j) = j**2 + 14*j + 33. Determine w(-11).
0
Let i(s) = -11*s + 117. Determine i(8).
29
Let k(l) = 11*l + 223. Determine k(-16).
47
Let a(w) = -21*w**3 + 7*w**2 + 5*w - 2. Determine a(-1).
21
Let x(i) = i**3 + 3*i**2 + 3*i + 5. What is x(-4)?
-23
Let o(t) = t**3 - 12*t**2 + 21*t - 3. Determine o(10).
7
Let j(h) = -26*h**2 + h. What is j(-1)?
-27
Let b(p) = -7*p + 117. What is b(15)?
12
Let c(u) = -u**2 + 6*u - 4. What is c(4)?
4
Let m(p) = -32*p**2 - 4*p - 2. Give m(-1).
-30
Let s(y) = 2*y - 7. What is s(6)?
5
Let q(u) = u**2 - 5*u + 21. Calculate q(11).
87
Let p(c) = c - 40. Calculate p(-7).
-47
Let a(g) = -2*g + 2. What is a(4)?
-6
Let v(z) = -z**2 + 3*z + 66. Determine v(10).
-4
Let p(r) = -r**3 - 5*r**2 - 5*r - 8. Determine p(-4).
-4
Let j(v) = 44*v**3 - v**2 - 2*v + 2. Give j(1).
43
Let c(z) = -8*z + 21. Calculate c(11).
-67
Let b(y) = -19*y + 1. Give b(2).
-37
Let f(z) = z**3 + 24*z**2 + 43*z - 7. What is f(-22)?
15
Let u(s) = s**2 - s - 14. Give u(-4).
6
Let q(v) = v**2 - 8*v - 3. Determine q(9).
6
Let q(p) = -p**3 + 12*p**2 + 5. Give q(12).
5
Let c(o) = -o**2 + 3*o + 7. What is c(8)?
-33
Let j(k) = -2*k + 34. Calculate j(16).
2
Let a(w) = -w**3 + w**2 - w + 1. Calculate a(1).
0
Let q(n) = -2*n - 1. Give q(-1).
1
Let r(i) = -2*i - 11. Determine r(7).
-25
L